vided by 103?
90
What is the remainder when 55 is divided by 14?
13
Calculate the remainder when 176 is divided by 92.
84
What is the remainder when 418 is divided by 25?
18
What is the remainder when 145 is divided by 62?
21
What is the remainder when 49 is divided by 27?
22
What is the remainder when 364 is divided by 189?
175
What is the remainder when 524 is divided by 16?
12
Calculate the remainder when 92 is divided by 26.
14
What is the remainder when 1588 is divided by 60?
28
Calculate the remainder when 748 is divided by 4.
0
Calculate the remainder when 1868 is divided by 18.
14
Calculate the remainder when 610 is divided by 77.
71
Calculate the remainder when 5853 is divided by 61.
58
What is the remainder when 231 is divided by 3?
0
Calculate the remainder when 230 is divided by 26.
22
What is the remainder when 1181 is divided by 16?
13
What is the remainder when 5517 is divided by 69?
66
What is the remainder when 329 is divided by 66?
65
Calculate the remainder when 157 is divided by 12.
1
Calculate the remainder when 688 is divided by 170.
8
Calculate the remainder when 2070 is divided by 61.
57
What is the remainder when 10 is divided by 2?
0
Calculate the remainder when 281 is divided by 91.
8
Calculate the remainder when 741 is divided by 19.
0
What is the remainder when 460 is divided by 14?
12
Calculate the remainder when 4107 is divided by 64.
11
What is the remainder when 60 is divided by 21?
18
What is the remainder when 49 is divided by 14?
7
What is the remainder when 20110 is divided by 119?
118
Calculate the remainder when 318 is divided by 63.
3
Calculate the remainder when 969 is divided by 6.
3
Calculate the remainder when 16826 is divided by 213.
212
What is the remainder when 9220 is divided by 25?
20
What is the remainder when 9612 is divided by 22?
20
Calculate the remainder when 55537 is divided by 11.
9
Calculate the remainder when 324 is divided by 109.
106
What is the remainder when 265 is divided by 47?
30
What is the remainder when 1781 is divided by 4?
1
What is the remainder when 1594 is divided by 38?
36
Calculate the remainder when 82 is divided by 12.
10
What is the remainder when 66 is divided by 23?
20
Calculate the remainder when 432 is divided by 14.
12
Calculate the remainder when 53 is divided by 26.
1
What is the remainder when 26347 is divided by 17?
14
Calculate the remainder when 53 is divided by 39.
14
What is the remainder when 734 is divided by 62?
52
What is the remainder when 1186 is divided by 21?
10
What is the remainder when 187 is divided by 28?
19
Calculate the remainder when 179 is divided by 72.
35
What is the remainder when 58 is divided by 37?
21
Calculate the remainder when 598 is divided by 29.
18
Calculate the remainder when 5 is divided by 3.
2
Calculate the remainder when 26174 is divided by 64.
62
Calculate the remainder when 419 is divided by 142.
135
Calculate the remainder when 105 is divided by 40.
25
Calculate the remainder when 2242 is divided by 6.
4
Calculate the remainder when 1004 is divided by 31.
12
What is the remainder when 634 is divided by 106?
104
Calculate the remainder when 151 is divided by 108.
43
Calculate the remainder when 659 is divided by 172.
143
What is the remainder when 2482 is divided by 30?
22
What is the remainder when 273 is divided by 130?
13
Calculate the remainder when 1269 is divided by 66.
15
Calculate the remainder when 478 is divided by 13.
10
Calculate the remainder when 117 is divided by 15.
12
Calculate the remainder when 865 is divided by 426.
13
Calculate the remainder when 145 is divided by 56.
33
Calculate the remainder when 1386 is divided by 11.
0
Calculate the remainder when 411 is divided by 21.
12
Calculate the remainder when 1145 is divided by 44.
1
What is the remainder when 98 is divided by 15?
8
Calculate the remainder when 987 is divided by 26.
25
What is the remainder when 94 is divided by 10?
4
What is the remainder when 207 is divided by 14?
11
Calculate the remainder when 2480 is divided by 207.
203
What is the remainder when 142 is divided by 16?
14
Calculate the remainder when 3790 is divided by 40.
30
Calculate the remainder when 22 is divided by 22.
0
Calculate the remainder when 3217 is divided by 13.
6
What is the remainder when 3563 is divided by 23?
21
What is the remainder when 45 is divided by 29?
16
Calculate the remainder when 131 is divided by 11.
10
What is the remainder when 273 is divided by 187?
86
What is the remainder when 134 is divided by 21?
8
What is the remainder when 367 is divided by 35?
17
Calculate the remainder when 183 is divided by 19.
12
Calculate the remainder when 125 is divided by 35.
20
Calculate the remainder when 2494 is divided by 64.
62
Calculate the remainder when 159 is divided by 19.
7
What is the remainder when 34 is divided by 9?
7
What is the remainder when 1366 is divided by 114?
112
Calculate the remainder when 1476 is divided by 9.
0
Calculate the remainder when 1307 is divided by 10.
7
What is the remainder when 119 is divided by 117?
2
Calculate the remainder when 151 is divided by 28.
11
Calculate the remainder when 1473 is divided by 12.
9
Calculate the remainder when 137 is divided by 25.
12
Calculate the remainder when 4345 is divided by 53.
52
What is the remainder when 753 is divided by 18?
15
Calculate the remainder when 47 is divided by 13.
8
What is the remainder when 1329 is divided by 70?
69
What is the remainder when 1046 is divided by 345?
11
What is the remainder when 584 is divided by 148?
140
What is the remainder when 434 is divided by 148?
138
Calculate the remainder when 1306 is divided by 283.
174
What is the remainder when 514 is divided by 208?
98
Calculate the remainder when 9669 is divided by 75.
69
What is the remainder when 293 is divided by 63?
41
Calculate the remainder when 1501 is divided by 85.
56
What is the remainder when 1467 is divided by 16?
11
Calculate the remainder when 159 is divided by 140.
19
Calculate the remainder when 10293 is divided by 156.
153
What is the remainder when 288 is divided by 80?
48
Calculate the remainder when 1496 is divided by 497.
5
Calculate the remainder when 4217 is divided by 60.
17
What is the remainder when 502 is divided by 162?
16
Calculate the remainder when 38 is divided by 3.
2
Calculate the remainder when 495 is divided by 6.
3
What is the remainder when 193 is divided by 15?
13
What is the remainder when 255 is divided by 81?
12
What is the remainder when 140 is divided by 13?
10
What is the remainder when 294 is divided by 63?
42
What is the remainder when 381 is divided by 219?
162
Calculate the remainder when 258 is divided by 52.
50
Calculate the remainder when 79 is divided by 3.
1
What is the remainder when 169 is divided by 87?
82
Calculate the remainder when 296 is divided by 33.
32
Calculate the remainder when 9335 is divided by 444.
11
What is the remainder when 3022 is divided by 251?
10
Calculate the remainder when 7213 is divided by 65.
63
What is the remainder when 69 is divided by 19?
12
Calculate the remainder when 1333 is divided by 104.
85
Calculate the remainder when 5427 is divided by 4.
3
Calculate the remainder when 268 is divided by 10.
8
What is the remainder when 467 is divided by 40?
27
Calculate the remainder when 991 is divided by 16.
15
What is the remainder when 206 is divided by 15?
11
Calculate the remainder when 43997 is divided by 352.
349
Calculate the remainder when 20 is divided by 12.
8
What is the remainder when 551 is divided by 139?
134
What is the remainder when 889 is divided by 17?
5
What is the remainder when 1442 is divided by 63?
56
Calculate the remainder when 4571 is divided by 127.
126
Calculate the remainder when 3357 is divided by 160.
157
What is the remainder when 112 is divided by 24?
16
What is the remainder when 562 is divided by 56?
2
What is the remainder when 1598 is divided by 50?
48
What is the remainder when 90 is divided by 4?
2
What is the remainder when 959 is divided by 12?
11
What is the remainder when 1105 is divided by 44?
5
What is the remainder when 152 is divided by 75?
2
What is the remainder when 34 is divided by 5?
4
What is the remainder when 63 is divided by 60?
3
What is the remainder when 96 is divi